*u - f - 36 = 4*f, -5*u = 5*f. Is 594/u + 1/2 a composite number?
False
Suppose -2*d + 57 = -5*d - g, -d - 5*g - 33 = 0. Let o(u) = -u**3 + 167. Let w be o(0). Let r = w + d. Is r a prime number?
True
Suppose 5*o = -4*d + 14765, 3*d - 4*d + 8859 = 3*o. Is o prime?
True
Suppose -8*o + 4557 - 725 = 0. Is o a composite number?
False
Suppose -902 = -g - 291. Is g a composite number?
True
Let k = -4 - -10. Suppose -f + w - k*w = -6, 0 = w. Suppose o + l = f*l + 11, 4*o - l = 82. Is o prime?
False
Let u be (4/(-28) + 1)*-7. Let l(h) = 7*h**3 + h**2 + 20*h + 14. Let f(n) = 3*n**3 + 10*n + 7. Let a(t) = 9*f(t) - 4*l(t). Is a(u) composite?
False
Let k(i) = -5*i + 2*i + 3*i + 48*i**2 - 1. Is k(2) a composite number?
False
Suppose 13*z - 3704 + 1039 = 0. Is z prime?
False
Suppose 350 + 375 = 5*g. Is g a prime number?
False
Let d be 53/((-30)/33 + 1). Suppose 5*s - 12 = d. Is s a composite number?
True
Is (-2)/4*(3 + -2290)*2 a composite number?
False
Suppose 2*m - 4*r = -109 + 4819, 5*m = -3*r + 11788. Is m prime?
True
Let z(g) = 36*g - 9. Let v be z(6). Let s = v - 145. Is s composite?
True
Suppose 3*b = -5*r + 6504 + 8626, 0 = -4*b - 20. Is r a composite number?
True
Let s(i) = i + 2. Let x be s(-1). Let w(b) = 19*b**3 + 3*b**2 + 2*b. Let y(o) = 18*o**3 + 4*o**2 + 3*o. Let j(u) = 3*w(u) - 2*y(u). Is j(x) prime?
False
Let v = 971 + 242. Is v composite?
False
Let p(g) = 99*g**2 - 20*g - 22. Is p(9) composite?
False
Suppose x - 282 = -5*x. Is x a prime number?
True
Let l = -30 - -257. Suppose -41 - l = -4*o. Is o prime?
True
Let g = 152 + -25. Is g composite?
False
Let a(v) = -v**2 + 0*v**2 + 93 + 0*v**2 - v + v**3. Is a(0) composite?
True
Suppose -17*c = -24*c + 147. Is c a prime number?
False
Let d(n) = 2*n**2 + 0*n + 0*n - 5 - 5*n + 3*n. Is d(7) composite?
False
Let g(o) = 5*o**2 + 5*o - 3. Let x(l) = -l + 8. Let y be x(6). Suppose 25 = -3*d - y*d. Is g(d) composite?
False
Suppose -2*b - 4*l + 28 = b, -3*b + 4*l - 4 = 0. Suppose j + b*j = -320. Let p = j - -99. Is p composite?
True
Suppose 3*d + 12 = -d. Is (-560)/d + 11/33 a composite number?
True
Let x(d) = -d**2 - d + 86. Let a be x(0). Let l be 10/(-45) + a/(-18). Let p(h) = -h**3 - 3*h**2 + 6*h + 5. Is p(l) prime?
False
Let t(r) = r**3 - 7*r**2 + 7*r - 1. Let z be t(6). Let o be ((-55)/(-2))/(z/10). Suppose l = -0*l + o. Is l composite?
True
Suppose -2*h + 3*h - 5 = 0. Let m(t) = 10*t**2 + t - 6. Let y(p) = 51*p**2 + 4*p - 30. Let q(a) = 11*m(a) - 2*y(a). Is q(h) a prime number?
False
Is (-2)/(6/(-3))*139 a composite number?
False
Suppose -3*u + i = -873 + 113, -1 = i. Is u a prime number?
False
Let h(x) be the first derivative of -7*x**4/4 + x**3 + x**2/2 + x + 2. Is h(-2) a prime number?
True
Let k(b) = b**3 + 5*b**2 - 4*b + 1. Let v(s) = -4*s**3 + 2*s**2 - s. Let n be v(1). Let l be (n/4)/((-2)/(-8)). Is k(l) a prime number?
True
Suppose 4*r - y = 455, r + 4*y - 107 = 2*y. Is r a composite number?
False
Let i(t) = t**2 + 1. Let h(q) = -q**3 - 3*q**2 - 3*q - 3. Let u be h(-3). Is i(u) a prime number?
True
Suppose 4*w - 8 = -4*v - 0*w, 4*v = -2*w + 10. Let p be (-4)/v*(-6)/4. Suppose -298 = -4*h + p*h. Is h a composite number?
False
Suppose 4*p - 5*z + 36 = 0, -2*p + z - 10 - 2 = 0. Let n(l) = -l**3 - 5*l**2 - 4*l + 5. Let f be n(p). Suppose 9 = f*c - 26. Is c a composite number?
False
Suppose k - 627 = -f, 0 = k + 3*k - 3*f - 2536. Is k a composite number?
False
Let j(n) = -n**3 - 8*n**2 + 7*n + 13. Is j(-12) a prime number?
False
Suppose 343 = k + 5*u, -4*k - u + 860 + 417 = 0. Suppose 5*l - 27 = k. Is l a composite number?
True
Suppose 10034 = 4*h + 3*z, -z - 3*z = h - 2515. Is h a composite number?
True
Let d be (50/(-4) + 2)*-10. Let s = -52 + d. Is s prime?
True
Let r be 508/6 - (-3)/9. Let w = 164 - r. Is w prime?
True
Let m(y) = y**2 - y + 149. Is m(0) composite?
False
Suppose -2*z + 3*c = -327, z + 4*c = c + 177. Suppose -3*v + z = 4*d, 5*d - 143 = v + 48. Is d composite?
True
Suppose 0 = -5*j - 3 - 2. Let o be (0 + -2 - j)*-5. Suppose -2*y - y = 5*t - 221, -o*y + 389 = -2*t. Is y prime?
False
Suppose -2*b - 289 = -j, -6*j - 3*b = -2*j - 1134. Suppose 0 = 3*w - 0*w - j. Is w a composite number?
True
Let k(p) be the third derivative of p**6/120 - p**5/15 - p**4/3 + p**3 + 3*p**2. Is k(7) prime?
True
Let r(f) = f**3 + 7*f**2 + 3*f + 3. Let n(o) = o**2 - 3*o - 5. Let g be n(4). Let l = g + -5. Is r(l) a prime number?
False
Suppose 2*h - 1168 = 98. Is h a prime number?
False
Suppose 5*l + 37 - 482 = 0. Is l a prime number?
True
Let k(c) = -c + 7. Let y be k(9). Let u be ((-5)/1)/(-3 - y). Suppose 3*j = 4*f + f + 282, 0 = 2*j - u*f - 193. Is j a composite number?
False
Suppose 7*f - 2009 = -0*f. Is (-30)/(-15) + (f - 0) a prime number?
False
Let p be (-2)/(-9) + (-50)/(-18). Let x(n) = 8*n - 3. Is x(p) a prime number?
False
Suppose -2*k + 5*u - 19 + 7 = 0, -5*u + 7 = 3*k. Let p be -1 + 2 + 2 + k. Suppose 4*c = p*c + 14. Is c prime?
True
Let k(u) be the second derivative of 7*u**4/12 + u**3 - 4*u**2 + 5*u. Let p be k(6). Is p/16*(-6)/(-5) prime?
False
Is ((-131)/(-2))/(1/2) prime?
True
Suppose -152 = -4*x + 124. Is x a prime number?
False
Suppose 2*q - 258 = -2*h, -5*q + 309 = -5*h - 356. Is q composite?
False
Suppose 5*f - 3*f = 4*r + 60, 4*f + r - 75 = 0. Suppose 5*s - 3*s + 4*v + 20 = 0, 4*v = -5*s - f. Suppose -19 = -3*m + 5*t, 3*m - 5 = -2*t - s. Is m composite?
False
Suppose 25 = -4*x + 3*p, -4*p - 25 = 3*x - 0*x. Let f(r) = 4*r**2 + 6*r - 5. Is f(x) composite?
False
Let k(n) = -n**3 - n - 1. Let u(q) = -8 + 5*q**3 + 2 - 4*q**3 - 5*q - 9*q**2. Let d(s) = 2*k(s) + u(s). Is d(-9) prime?
False
Let q(f) = f**2 - 4*f + 4. Let w(t) = -2*t. Let n be w(-4). Let m be q(n). Let v = m + 3. Is v a prime number?
False
Let a(w) = w**3 + 5*w**2 - 8*w - 9. Let q be a(-6). Let u(h) = 3*h**2 - 2*h. Let s(j) = 3*j**2 - 3*j. Let y(i) = -4*s(i) + 5*u(i). Is y(q) a composite number?
True
Let y(d) = 14*d**2 - d + 3. Is y(-8) a prime number?
True
Suppose -6*f = -f + 10, -5*b + 4*f + 8 = 0. Suppose -y + 2*y - 27 = b. Is (y/(-12) + 1)*-44 a prime number?
False
Let r = 1 + -14. Let b = r - -5. Let p(m) = 2*m**2 + 12*m + 3. Is p(b) prime?
False
Let n(x) = -x**3 + 13*x**2 + 17*x + 9. Is n(10) a prime number?
True
Suppose 18 = 5*f - 2. Suppose -579 = -5*k - f*s, 0 = -2*k + 3*s + 163 + 64. Is k composite?
True
Let m = -222 - -531. Is m a composite number?
True
Suppose 22 = 4*b - x, 0*b + 2*x + 19 = 3*b. Let u(h) = -b - h**2 + h**2 + 7*h + 2*h + h**2. Is u(6) a composite number?
True
Let n = 7 - 4. Suppose 3*m - 109 = n*d - 7*d, 5*m - 203 = 4*d. Is m composite?
True
Let s = 11 + 7. Is (-21)/2*(-84)/s a composite number?
True
Let d = 156 + -29. Is d a composite number?
False
Suppose 5*s + 12 + 8 = 0, 5*k + 2*s + 263 = 0. Suppose 4*v = 3*w - 211, 2*w + 5*v = 3*w - 63. Let l = w + k. Is l a prime number?
False
Let c(s) = 21*s + 5. Is c(4) composite?
False
Let g(u) = u**3 + 2*u**2 - 2. Let t be g(-2). Let o be (t/2)/(2/(-8)). Suppose 183 = z + 4*z - o*y, -4*y = 5*z - 207. Is z composite?
True
Is -457*2*6/(-4) composite?
True
Let a = -5 - -7. Suppose 7*r - 20 = a*r. Suppose 2*t - i - 318 = 0, -r*i = 4*t - 642 - 18. Is t a composite number?
True
Suppose -5*n + 254 = s, 79 = 3*s + 5*n - 713. Is s composite?
False
Is -6 + 2 + 341/1 prime?
True
Suppose 0 = 2*z - 5*z + 132. Let d = z - -147. Is d composite?
False
Suppose 6 - 1 = 3*h - q, 0 = 4*h - q - 7. Suppose 15 = -2*a + 5*a. Suppose -h*w + p = a*p - 134, 4 = 4*p. Is w prime?
False
Suppose 8 + 11 = -f - 4*i, -i + 11 = -5*f. Let p be (-8)/f*(-117)/(-12). Suppose -c - c = -p. Is c composite?
False
Suppose 2*k - 12 = 4*k. Is (129/k - 2)*-2 a composite number?
False
Let s be 2*1*41/2. Let l = s + -19. Is l a composite number?
True
Let y be -2 - (3 - 21/3). Is ((-1)/y)/(5/(-1910)) a prime number?
True
Let s(l) = l**3 + l + 459. Let c be s(0). Suppose -3*g - 5*u = -2*u - c, 5*g - u - 741 = 0. Is g composite?
False
Suppose -t = -2 - 0. Suppose -3*c - 204 = -4*w + w, -133 = -t*w + 3*c. Is w a prime number?
True
Suppose 15 = 3*k + 2*k. Suppose 0 = t - k, 44 = 3*g - 2*t - 91. Is g a prime number?
True
Let x(i) = 2 - 9*i**3 - 5*i**2 + 3*i + 2 - 6*i. Is x(-3) composite?
False
Let d = 46 - -205. Is d a composite number?
False
Let h(x) = 8*x**3 + 2*x**2 - x - 1. Let q be h(-3). Let g 